q - x. What is the greatest common divisor of k and q?
13
Let z = -5 - 4. Let v = z + 10. What is the greatest common divisor of 7 and v?
1
Let n = 239 - 71. What is the highest common factor of 24 and n?
24
Suppose -k + 22 = -4*n, -2*k + 77 - 7 = 5*n. Calculate the highest common factor of k and 24.
6
Suppose 0 = z + 2*b + 33, -2*z - 3*b + 0 = 65. Let d = z - -36. Calculate the highest common divisor of 5 and d.
5
Let k = 139 - -38. What is the greatest common divisor of 236 and k?
59
Let x be -3*((-53)/3 + -3). Suppose -5*d + 312 = x. Calculate the highest common divisor of 20 and d.
10
Let a = 1113 + -21. Suppose 6*p - 13*p = -a. Calculate the highest common factor of 12 and p.
12
Let q = 1554 - 1244. Calculate the greatest common factor of 20 and q.
10
Let o be (-4288)/(-22) - 5/(-55). What is the highest common divisor of o and 39?
39
Suppose 0 = 3*v + 4*c - 160, 4*v = 5*c + 272 - 7. Let d(l) = 41*l**3 - l**2. Let m be d(1). Calculate the highest common factor of m and v.
20
Let q(b) = 32*b**3 - 2*b**2 + b - 3. Let l be q(2). Let n = -148 + l. What is the greatest common factor of 11 and n?
11
Suppose -o + 6*o = 315. Let r be 63/(-12)*72/(-18). What is the greatest common factor of r and o?
21
Let i = 252 + -143. Let x = 274 - i. Let o be 2*3*(-5)/(-2). Calculate the highest common factor of x and o.
15
Let n be (-12)/8*1000/(-12). Calculate the highest common factor of 50 and n.
25
Suppose -4*l = -l + 3, -l = 3*a + 1. Suppose 5*d = -a*d + 165. Calculate the highest common factor of 44 and d.
11
Let w = -21 + 30. Let d(f) = f**3 + 65*f**2 + 66*f + 209. Let s be d(-64). Calculate the greatest common factor of w and s.
9
Let k(f) = -f**3 + 26*f**2 - 24*f - 15. Let o be k(25). Let y be 35/o - (-1)/(-2). What is the highest common factor of 4 and y?
1
Let t(j) = -j**2 + 13*j. Let g be t(13). Suppose -6*m + 3*m + 753 = g. Let d = 468 - m. Calculate the greatest common factor of 31 and d.
31
Let f(i) = -83*i**2 + 4*i + 8 + 45*i**2 + 41*i**2. Let y be f(-5). What is the highest common factor of y and 42?
21
Suppose 0 = -0*t + t + 4*h - 28, 3*t - h = 19. Let s(z) = -8*z + 9. Let r be s(-11). Let l = r + -57. Calculate the greatest common divisor of t and l.
8
Let h(v) = 19*v - 14. Let c be h(7). Let p(l) = -l**3 + 8*l**2 + l + 9. Let k be p(8). What is the highest common factor of c and k?
17
Let k(f) = -f**3 + 22*f**2 + 22*f + 26. Let y be k(23). Suppose -i + 128 = y*i. Calculate the highest common factor of i and 4.
4
Let s be 2 + 10/5 + 1. Suppose 0 = s*l - 1 - 9. Suppose -l*k + 5*q = 3*q - 284, 0 = 4*k + 4*q - 608. What is the highest common divisor of 21 and k?
21
Let j be 9/(-18)*(-1 + -5). Let a(l) = -5*l + 4*l - j + 5. Let h be a(-7). Calculate the greatest common factor of h and 99.
9
Let d = 1037 - 938. Calculate the highest common divisor of 11 and d.
11
Let l = -21 + 20. Let b be -9*l/(3/2). Suppose 0 = b*m - m - 80. What is the greatest common factor of m and 32?
16
Let s = -13 + 7. Let j = 11 + s. Suppose 0*t + 4*q = -3*t + 173, 4*q + 331 = j*t. Calculate the greatest common divisor of 7 and t.
7
Suppose -q = 2*h - 5*h - 79, 0 = 5*q + 2*h - 412. What is the greatest common factor of 287 and q?
41
Suppose -5*v = -3*j - 127, 8*v - 6*v - 50 = 2*j. Calculate the greatest common divisor of 24 and v.
2
Let l be 13*(-7)/7*(-4)/2. Calculate the highest common factor of l and 65.
13
Let g(r) = 7*r**2 + 5*r + 8. Let w be g(-4). What is the greatest common divisor of 40 and w?
20
Let u(r) = -11*r - 10. Let h be u(-4). Let l = 394 - 309. What is the greatest common divisor of h and l?
17
Suppose 12 = 6*z + 24. Let j be -64*(z + 1) - (1 + -1). Calculate the greatest common factor of j and 32.
32
Suppose 79 = 4*z - 41. Let i be (-5)/((1 - -2) + -4). Let m = 50 - i. Calculate the highest common divisor of z and m.
15
Let l be (-218)/763 - -51*(-1)/(-7). Let m = -252 + 66. Let t = 263 + m. Calculate the greatest common divisor of l and t.
7
Suppose -5*s - 22 = -192. Suppose s = 3*u + 10. Let y be (-4 - -6) + u + 1. What is the greatest common factor of y and 55?
11
Suppose -5*c = -d + 90, -247 = -2*d + 5*c - 47. Suppose b = 4*g + 26, -5*b = -8*b - 3*g + 18. What is the greatest common factor of d and b?
10
Let v be -10544*3/(18/3). Let d be v/(-20) + 4/10. Calculate the highest common divisor of d and 24.
24
Let x be ((-6)/4)/((-21)/28). Let w = 876 + -860. Calculate the highest common divisor of x and w.
2
Suppose -4*r + 144*t - 145*t = -4355, 5*r - 2*t = 5460. What is the highest common divisor of r and 10?
10
Let g(m) = 2*m + 4. Let y be g(3). Let o = -731 + 771. Calculate the highest common divisor of y and o.
10
Let x = -52 + 58. Suppose 23*w + 12 = 24*w. Calculate the highest common factor of w and x.
6
Let p(q) = -11*q + 7. Let m be p(5). Let i = m + 51. Calculate the greatest common divisor of 15 and i.
3
Let i be 1/3 + (-2)/6. Suppose -l + 3*o - 17 = i, 136 = -5*l - 3*o + o. Let s = -21 - l. What is the highest common divisor of 5 and s?
5
Let c be (-1)/(-1)*195/1. Let n = 5685 - 5672. What is the highest common factor of c and n?
13
Let r(i) = 3*i + 33 - 4*i + 2 + i**2. Let w be r(0). Suppose -5*l + 3*l - 4*f = -30, -2*l + 3*f = 5. Calculate the greatest common divisor of l and w.
5
Let g be (-11 - 0)*(-2)/(-4)*-2. What is the highest common divisor of g and 3?
1
Let o(l) = l**3 - 8*l**2 - 8*l + 1. Let v be o(7). Let k = v - -214. What is the highest common factor of k and 44?
22
Let y be (1 - -1)/(-2) - 3*-48. Calculate the highest common divisor of 44 and y.
11
Let j = -200 + 19. Let f = 456 + j. Calculate the highest common factor of 11 and f.
11
Let i = 1 + 4. Suppose 0 = -i*q - 87 - 33. Let w = q - -34. What is the greatest common factor of 2 and w?
2
Let q(h) = -h**3 + 8*h**2 + 2. Let f be q(8). Suppose -f*z + 162 = 4*r, 203 = -r + 6*r + 2*z. What is the highest common divisor of r and 41?
41
Suppose -3*b - 366 = 5*m, -3*b + 2*m + m - 366 = 0. Let g = -84 - b. What is the greatest common divisor of 38 and g?
38
Let m(r) = r**3 - 8*r**2 + 9*r - 12. Let s be m(7). Suppose -s*z - 3 = -1. Let x be z/(-3) - (-26)/3. Calculate the highest common divisor of 81 and x.
9
Let k be 7/((-56)/(-6))*(36 - 0). Calculate the greatest common factor of k and 810.
27
Suppose 5*u - 5 = 20. Suppose -4 = -2*a + 4*q, 0 = u*a - 3*q - 31. Calculate the highest common divisor of a and 20.
4
Suppose -4*j - 14 = -2*j. Let y = 18 - j. Suppose -z + 15 + y = 0. Calculate the highest common divisor of z and 10.
10
Suppose d + 41 = -88. Let x = d + 327. Calculate the greatest common factor of 22 and x.
22
Let z(i) = 8*i**2 - 2*i - 1. Let p(b) = -2*b + 13. Let a be p(7). Let m be z(a). Let g be 9*(177/m - 1). What is the greatest common divisor of 24 and g?
24
Let w = 278 + -194. What is the highest common divisor of 420 and w?
84
Suppose -33 = -7*y + 121. Calculate the greatest common factor of 704 and y.
22
Let x = -76 - -27. Let z = x - -57. What is the highest common factor of z and 40?
8
Suppose 3*z - 60 = -4*l, l - 4 = 10*z - 8*z. What is the highest common factor of l and 96?
12
Let x = 61 + -41. Let m = -502 + 512. Calculate the greatest common factor of x and m.
10
Let w = 220 - 92. Let h = w - 88. Calculate the greatest common factor of h and 24.
8
Let g be (-4*2)/(35 + -33) + 628. What is the greatest common factor of 48 and g?
48
Suppose -268 = 3*m - 4*k, 33 = -4*m - 3*k - 341. Let x = -74 - m. Calculate the highest common divisor of 9 and x.
9
Let s(c) = 4*c**2 + 4*c - 24. Let a be s(-5). Calculate the greatest common factor of a and 70.
14
Suppose -2*f = 4*j - 20, j - 1 = -0. What is the greatest common factor of 568 and f?
8
Let k = 819 - 779. Calculate the highest common factor of k and 15.
5
Let k(h) = -2*h + 101. Let p be k(45). Let w be ((-1)/2)/(3/(-42)). Let i = 95 - w. Calculate the highest common divisor of p and i.
11
Let g = -86 - -104. Suppose -g*b + 85 = -13*b. What is the highest common factor of b and 136?
17
Let a = 18 - 6. Suppose 4*l + a = 6*l. What is the highest common factor of l and 24?
6
Let d be (-18)/(-8) + 7/(-28). Suppose -t - d*k = -106, 5*k = 5*t - 238 - 337. What is the highest common factor of t and 16?
16
Suppose 430 = -9*x + 835. Let s = 16 + -1. Calculate the greatest common divisor of s and x.
15
Suppose -12 = 3*